Suppose 3*w - 241 = 47. What is the greatest common divisor of w and i?
16
Suppose 4*i = 45 + 39. Let k(w) = -w**3 + 21*w**2 + w + 11. Let u be k(i). Let t(b) = 6*b - 36. Let r be t(14). Calculate the greatest common factor of r and u.
16
Suppose -4*w = 13*g - 119, -8*w - 35 = -9*w - 4*g. Let b = 576 + -187. Suppose 5*u = d + b, -u - 5*d = -35 - 22. What is the highest common factor of w and u?
7
Let b = 2745 + -505. Calculate the greatest common divisor of b and 6440.
280
Let b be 75 - 52 - (-5709 - -2). What is the greatest common divisor of b and 150?
30
Let p(k) = 25*k - 435. Let o be p(19). What is the highest common factor of o and 450?
10
Let k(i) = -4*i**2 - 4 + 1 + 5 + 3*i**2 + 20*i. Let f be k(20). Suppose -5*g + 152 = 4*w, -f = -w + 1. Calculate the highest common divisor of 14 and g.
14
Let t be 168/(-35) + (16/5)/4. Let q be 2/((-126)/32 + 0 - t). Calculate the greatest common factor of 64 and q.
32
Let s = 21313 + -20903. Calculate the greatest common divisor of 7216 and s.
82
Let r = -86 - -43. Let h(i) = -i**3 - 43*i**2 + 12. Let v be h(r). Calculate the highest common divisor of 28 and v.
4
Let o = -492 - -255. Let z = o - -257. What is the greatest common divisor of 32 and z?
4
Let x be 60 + (-60)/12 + -3. Calculate the highest common divisor of 6422 and x.
26
Let p be 2/(-3)*16788/(-8) + 7. What is the greatest common divisor of p and 266?
38
Suppose 3*h + 19 = 4*c, 4*c + 5*h - 15 = 4*h. Let b = 48226 - 48223. What is the highest common factor of b and c?
1
Let x be (14 + (-220)/15)/(4/(-7986)). Calculate the greatest common divisor of 11 and x.
11
Let y(t) = -t**3 - 59*t**2 - 64*t - 292. Let i be y(-58). What is the greatest common factor of i and 11284?
28
Suppose 5*o = 4*z - 34, -2*o = -5*z + 3*o + 40. Suppose -z*a + 2*a = -4*r - 152, 108 = 3*a - r. What is the highest common factor of a and 70?
35
Suppose r - b = -45, 3*b = r + r + 85. Let s = r - -95. Let g = -27 + s. Calculate the highest common factor of 30 and g.
6
Suppose b + b = 72. Let j be (-1)/6 + (-55)/(-6). Let o be b/8 + j/6. Calculate the greatest common factor of o and 42.
6
Suppose 3*x - 5*p = -4*p + 271, 5*x = -4*p + 463. Suppose -62*s - 29*s - 33*s = -124124. Calculate the greatest common divisor of x and s.
91
Suppose 8*q = 26 - 10. Suppose 0 = q*z - 146 + 78. What is the highest common divisor of 153 and z?
17
Let n = -56 - -56. Suppose -3*i = -0*i - 5*l - 169, 3*i - 4*l - 170 = n. What is the greatest common divisor of i and 406?
58
Suppose 9*l - 3*l = -444. Let d = -46 - l. Suppose -8 = -2*v - 0*v. What is the greatest common factor of d and v?
4
Let a(v) = 9*v + 2. Let x be a(2). Let r be (-48)/(-30)*(-8075)/(-34). Calculate the highest common divisor of x and r.
20
Let m(c) = -33*c - 654. Let k be m(-21). Let r = 380 - -127. Calculate the highest common factor of r and k.
39
Let f be (-26)/(2 - (-24)/(-10)). Let g = -296 + 316. Let z = f - g. What is the greatest common divisor of z and 5?
5
Suppose -164*u = -203*u + 81315. What is the highest common divisor of 15 and u?
15
Let a = 6441 - 4841. Calculate the highest common factor of 325 and a.
25
Let n(g) = -13*g - 7 + g**3 + 35 - 11 + 2*g**2 - 6. Let c be n(-5). Let m be 132/15 - (-3)/15. Calculate the highest common divisor of m and c.
1
Let q = -25 + 30. Let s = -406 + 411. Suppose 4*t = q*d - 65, 3*t = -2*d + s*d - 42. Calculate the highest common factor of 1 and d.
1
Suppose 4*a + 96 = 5*a - 3*g, -a = 4*g - 96. Let h = -117 - -189. What is the greatest common divisor of a and h?
24
Let n be 3*((-6)/(-6))/(-2 + -1). Let y be (n - 8/10)/(18/(-60)). Suppose 0 = -3*x - 6 + 24. What is the greatest common factor of y and x?
6
Suppose -4*y = 2*f + 2, -53*y = -f - 49*y + 5. What is the highest common divisor of 432 and f?
1
Let h be (-2)/3 - 1650/(-99). Let f be ((-765)/36)/((-2)/h) + 2. Calculate the greatest common divisor of f and 43.
43
Let o(y) be the third derivative of 7*y**5/60 + 13*y**4/6 - y**3/2 - 2*y**2 + 101. Let g be o(-8). Calculate the highest common divisor of g and 464.
29
Suppose -259 = -f + 5*q, 63*q - 793 = -3*f + 62*q. What is the highest common factor of f and 4344?
24
Suppose 3*s + 306 = 2*l, l - 15 = -4*l. Let y = -52 - s. Suppose -3*u + 220 = -u - 4*g, 2*u + 4*g - 260 = 0. Calculate the highest common divisor of u and y.
24
Let a be 41612/309*(-4)/(-3)*297/8. What is the highest common factor of 66 and a?
66
Suppose 15*a - 24490 = 25620 + 90590. What is the highest common factor of a and 20?
20
Suppose 0 = q + 3*z - 9, 11*z - 12*z = q - 15. What is the greatest common divisor of q and 2502?
18
Let o be (172/(-1))/(4*5/(-20)). Suppose 2*m - o = -3*c, -m - 25 + 117 = 3*c. Suppose 0*i + 4*i - 80 = 0. Calculate the highest common divisor of m and i.
20
Let w = 60 + -57. Suppose 0 = -2*v - w*v + 25, 0 = -4*r + 3*v + 1. Let o be r/18*-1 - 4105/(-45). What is the highest common divisor of o and 39?
13
Let o(v) = -23*v - 76. Let r be o(-3). Let a be r/4 - 1238/(-8). Calculate the highest common factor of 9 and a.
9
Let b = 60 - 57. Suppose -750 = -9*x + b*x. Suppose 30*f + x = 35*f. Calculate the highest common divisor of f and 10.
5
Suppose 5*j + 5*r - 330 = 0, 377 - 133 = 4*j - r. What is the highest common divisor of j and 682?
62
Let t = -392 + 478. Calculate the greatest common divisor of t and 2365.
43
Suppose 15 = -3*u, -3*p - 3*u - 249 = -6*p. Let k = p - 74. Suppose -6*t + 3*t = -120. What is the highest common factor of t and k?
4
Let a(k) = 28 + 4*k**2 + 3*k**2 + 3*k**2 - 9*k**2 - 11*k. Let i be a(8). Calculate the highest common factor of i and 4.
4
Suppose 145*o + 192*o + 379033 - 2291845 = 0. What is the greatest common divisor of o and 396?
132
Let u(d) = 7*d**2 - 277*d - 1365. Let m be u(-5). Calculate the highest common divisor of 1131 and m.
39
Suppose 6*u + 19 = 211. Let x = u - 27. Suppose x*o - 29 = -p, -o - o + 26 = p. What is the highest common factor of 18 and p?
6
Suppose 0 = 138*f - 141*f - 21, -2*c + 5*f + 51 = 0. Calculate the greatest common divisor of 29 and c.
1
Suppose -11*a + 10*a + 85 = 0. Let d = 33 + -78. Let p = d + 79. Calculate the greatest common divisor of p and a.
17
Let g = -14304 - -14574. What is the greatest common factor of g and 4350?
30
Suppose 4*b - 5*h + 33 - 122 = 0, 0 = 4*b + h - 83. Let u(v) = -v**3 - v + 53. Let g be u(0). Let c = g - 32. Calculate the greatest common factor of b and c.
21
Let r be (-2)/4 + 82/4. Let x be (-1)/(1/(-16)*4). Suppose 4*y - 39 = w, -2*y - 21 = -x*y - w. Calculate the greatest common factor of r and y.
10
Let r be (-710)/(-15) - (-190)/(-57). What is the highest common factor of r and 12430?
22
Suppose 194 = 5*o - 4*u, -o + 2*o - 33 = -5*u. Let c(a) = 2*a**3 - 75*a**2 - 40*a + 93. Let v be c(o). What is the greatest common factor of 17 and v?
17
Let b(j) = -j**3 - 12*j**2 + j + 1. Let q be b(-10). Let r = 233 + q. Calculate the highest common divisor of 16 and r.
8
Let b be (-2 - 3) + 12/4 + 2342. What is the greatest common divisor of b and 20?
20
Suppose 23*c = 26*c + 4*b - 131, -c + 4*b + 33 = 0. What is the highest common divisor of 12 and c?
1
Let c = 39637 + -24832. Let p be (c/28)/15 + (-1)/4. What is the highest common factor of p and 105?
35
Suppose -251*z = 44425 - 634275. What is the greatest common factor of z and 423?
47
Suppose -8 = 4*b - 16, 3*b = 2*x - 7360. Calculate the highest common factor of 464 and x.
29
Let v(k) = -157*k**3 - 2*k**2 + 45*k + 146. Let g be v(-3). Calculate the highest common factor of g and 1288.
184
Let q = -363 + 23. Let n = 476 + q. Calculate the greatest common divisor of n and 16.
8
Suppose -731 = -11*i + 193. Suppose 21*b - 14*b = i. Suppose 0 = y - 1 - 2. Calculate the highest common divisor of b and y.
3
Suppose 4*w - 438 = -382. Suppose g = 2*z - 391, -9*g = -w*g - 5. What is the highest common divisor of 90 and z?
15
Let s(q) = -24*q + 42. Let i be s(-11). Suppose 0 = 41*y - 38*y - i. Suppose 0 = -3*n + n + 12. Calculate the greatest common factor of y and n.
6
Suppose 26*q = 31*q + 4*k - 182, 16 = 2*k. Calculate the greatest common divisor of 3390 and q.
30
Let x = -346 - 38. Let t = x + 389. Calculate the greatest common divisor of t and 2.
1
Let n = 910 + -520. Suppose 25*k + 36*k + 390 = 74*k. Calculate the highest common divisor of k and n.
3